 by 389.
381
What is the remainder when 1620 is divided by 530?
30
Calculate the remainder when 2706 is divided by 1347.
12
What is the remainder when 533101 is divided by 88?
85
Calculate the remainder when 2143 is divided by 16.
15
What is the remainder when 7198 is divided by 101?
27
Calculate the remainder when 1515 is divided by 1485.
30
Calculate the remainder when 2493 is divided by 609.
57
What is the remainder when 35384 is divided by 13?
11
What is the remainder when 3118 is divided by 22?
16
Calculate the remainder when 7503 is divided by 234.
15
Calculate the remainder when 2664 is divided by 19.
4
What is the remainder when 1360 is divided by 403?
151
Calculate the remainder when 4048 is divided by 793.
83
What is the remainder when 399 is divided by 57?
0
What is the remainder when 38804 is divided by 524?
28
Calculate the remainder when 37330 is divided by 122.
120
Calculate the remainder when 6813 is divided by 190.
163
Calculate the remainder when 21170 is divided by 198.
182
What is the remainder when 12920 is divided by 4288?
56
Calculate the remainder when 54312 is divided by 5430.
12
Calculate the remainder when 44013 is divided by 2.
1
Calculate the remainder when 2816 is divided by 460.
56
What is the remainder when 780 is divided by 473?
307
Calculate the remainder when 4483 is divided by 1110.
43
What is the remainder when 39885 is divided by 387?
24
What is the remainder when 282278 is divided by 141117?
44
What is the remainder when 2497 is divided by 292?
161
Calculate the remainder when 2114 is divided by 201.
104
What is the remainder when 506751 is divided by 53?
18
What is the remainder when 24120 is divided by 8028?
36
Calculate the remainder when 3369 is divided by 420.
9
Calculate the remainder when 86249 is divided by 427.
422
Calculate the remainder when 6451 is divided by 6438.
13
What is the remainder when 18737 is divided by 669?
5
What is the remainder when 15474 is divided by 643?
42
What is the remainder when 1773 is divided by 122?
65
Calculate the remainder when 2512 is divided by 236.
152
What is the remainder when 49198 is divided by 164?
162
What is the remainder when 6024 is divided by 25?
24
What is the remainder when 2400 is divided by 293?
56
What is the remainder when 12803 is divided by 267?
254
What is the remainder when 751109 is divided by 297?
293
What is the remainder when 1858 is divided by 197?
85
Calculate the remainder when 2590 is divided by 1502.
1088
Calculate the remainder when 3083 is divided by 40.
3
What is the remainder when 45450 is divided by 6487?
41
Calculate the remainder when 547 is divided by 61.
59
What is the remainder when 220085 is divided by 10480?
5
What is the remainder when 24597 is divided by 120?
117
What is the remainder when 624915 is divided by 24035?
5
What is the remainder when 1160 is divided by 379?
23
What is the remainder when 55339 is divided by 11?
9
What is the remainder when 1695 is divided by 27?
21
What is the remainder when 119363 is divided by 29836?
19
Calculate the remainder when 2546627 is divided by 49.
48
What is the remainder when 5320 is divided by 1768?
16
What is the remainder when 81031 is divided by 614?
597
What is the remainder when 4857 is divided by 317?
102
Calculate the remainder when 52710 is divided by 12.
6
What is the remainder when 19094 is divided by 4771?
10
What is the remainder when 36801 is divided by 214?
207
What is the remainder when 160728 is divided by 301?
295
What is the remainder when 116313 is divided by 14534?
41
Calculate the remainder when 27523 is divided by 3434.
51
Calculate the remainder when 2152879 is divided by 94.
91
Calculate the remainder when 2227 is divided by 88.
27
Calculate the remainder when 2414 is divided by 1069.
276
What is the remainder when 1563 is divided by 760?
43
What is the remainder when 105364 is divided by 21?
7
Calculate the remainder when 104768 is divided by 17.
14
What is the remainder when 908 is divided by 243?
179
Calculate the remainder when 58653 is divided by 94.
91
Calculate the remainder when 3772603 is divided by 1916.
1915
What is the remainder when 2011 is divided by 628?
127
What is the remainder when 1554 is divided by 140?
14
Calculate the remainder when 47737 is divided by 15909.
10
What is the remainder when 23655 is divided by 874?
57
What is the remainder when 99432 is divided by 3?
0
Calculate the remainder when 534 is divided by 92.
74
What is the remainder when 24062 is divided by 12?
2
Calculate the remainder when 8274 is divided by 1033.
10
What is the remainder when 6319 is divided by 1026?
163
Calculate the remainder when 56908 is divided by 2725.
2408
What is the remainder when 64135 is divided by 51?
28
Calculate the remainder when 1306162 is divided by 25611.
1
What is the remainder when 1322 is divided by 257?
37
Calculate the remainder when 6553 is divided by 22.
19
Calculate the remainder when 3113 is divided by 925.
338
Calculate the remainder when 224919 is divided by 119.
9
Calculate the remainder when 18262 is divided by 75.
37
Calculate the remainder when 49582 is divided by 774.
46
Calculate the remainder when 10690 is divided by 891.
889
Calculate the remainder when 79196 is divided by 100.
96
Calculate the remainder when 39466 is divided by 19576.
314
Calculate the remainder when 518395 is divided by 259184.
27
Calculate the remainder when 14163 is divided by 568.
531
Calculate the remainder when 440099 is divided by 62871.
2
What is the remainder when 4725 is divided by 1897?
931
What is the remainder when 90058 is divided by 433?
427
Calculate the remainder when 118392 is divided by 39464.
0
Calculate the remainder when 121236 is divided by 136.
60
Calculate the remainder when 773 is divided by 67.
36
What is the remainder when 185950 is divided by 149?
147
Calculate the remainder when 11587 is divided by 75.
37
What is the remainder when 64579 is divided by 175?
4
Calculate the remainder when 232524 is divided by 15501.
9
What is the remainder when 129028 is divided by 110?
108
Calculate the remainder when 1251 is divided by 56.
19
Calculate the remainder when 10813 is divided by 228.
97
Calculate the remainder when 206765 is divided by 8.
5
What is the remainder when 1938 is divided by 85?
68
What is the remainder when 1987767 is divided by 3?
0
Calculate the remainder when 1026351 is divided by 41.
39
What is the remainder when 2239 is divided by 19?
16
Calculate the remainder when 22090 is divided by 649.
24
Calculate the remainder when 6199 is divided by 33.
28
Calculate the remainder when 27966 is divided by 716.
42
What is the remainder when 2878 is divided by 111?
103
Calculate the remainder when 5009 is divided by 2063.
883
What is the remainder when 3244 is divided by 197?
92
Calculate the remainder when 2818142 is divided by 18.
8
What is the remainder when 408676 is divided by 136?
132
Calculate the remainder when 2723 is divided by 119.
105
Calculate the remainder when 6973 is divided by 175.
148
Calculate the remainder when 21248 is divided by 10557.
134
Calculate the remainder when 35814 is divided by 11785.
459
What is the remainder when 1229 is divided by 81?
14
Calculate the remainder when 26461 is divided by 33.
28
What is the remainder when 6650 is divided by 25?
0
What is the remainder when 4101 is divided by 44?
9
What is the remainder when 2705861 is divided by 901953?
2
Calculate the remainder when 6936 is divided by 62.
54
What is the remainder when 14011 is divided by 22?
19
What is the remainder when 1546 is divided by 1455?
91
What is the remainder when 416 is divided by 308?
108
Calculate the remainder when 253579 is divided by 614.
611
What is the remainder when 786002 is divided by 261997?
11
What is the remainder when 5543 is divided by 2766?
11
Calculate the remainder when 19171 is divided by 1907.
101
What is the remainder when 15742 is divided by 3?
1
Calculate the remainder when 15260 is divided by 1694.
14
Calculate the remainder when 82752 is divided by 197.
12
Calculate the remainder when 1156188 is divided by 398.
396
Calculate the remainder when 9038 is divided by 2972.
122
Calculate the remainder when 19025 is divided by 745.
400
Calculate the remainder when 79499 is divided by 626.